-36 (base 14) in base 15?
-33
What is -215 (base 13) in base 12?
-258
What is -8a (base 14) in base 13?
-95
What is -2 (base 5) in base 12?
-2
72 (base 16) to base 3
11020
10 (base 3) to base 15
3
What is 0 (base 10) in base 13?
0
Convert -5 (base 6) to base 12.
-5
Convert d (base 15) to base 16.
d
What is 4 (base 13) in base 8?
4
Convert 23 (base 5) to base 10.
13
Convert -415 (base 6) to base 2.
-10011011
What is -121 (base 5) in base 11?
-33
-200 (base 3) to base 15
-13
Convert -22 (base 11) to base 16.
-18
1011 (base 2) to base 3
102
-1 (base 15) to base 8
-1
What is -111 (base 3) in base 14?
-d
9 (base 11) to base 10
9
Convert -50 (base 11) to base 15.
-3a
1 (base 6) to base 9
1
What is 76 (base 11) in base 10?
83
Convert 21 (base 7) to base 11.
14
What is 4 (base 14) in base 10?
4
Convert -300 (base 4) to base 3.
-1210
What is 38 (base 13) in base 3?
1202
Convert 0 (base 10) to base 13.
0
Convert d (base 15) to base 7.
16
-22 (base 7) to base 8
-20
What is 2102 (base 4) in base 8?
222
What is -5 (base 10) in base 7?
-5
-6 (base 12) to base 5
-11
-13 (base 6) to base 10
-9
Convert -10 (base 2) to base 9.
-2
-25a (base 11) to base 4
-10303
Convert -4 (base 9) to base 4.
-10
Convert 0 (base 10) to base 5.
0
-10001100 (base 2) to base 15
-95
Convert 1 (base 4) to base 6.
1
What is -5 (base 9) in base 15?
-5
1112 (base 3) to base 9
45
-a0 (base 13) to base 4
-2002
What is 4 (base 12) in base 5?
4
2 (base 10) to base 6
2
What is -1 (base 5) in base 2?
-1
-1 (base 8) to base 4
-1
12 (base 9) to base 8
13
What is 1 (base 6) in base 8?
1
3 (base 15) to base 7
3
Convert 7 (base 12) to base 3.
21
Convert 87 (base 13) to base 15.
76
What is -34 (base 14) in base 2?
-101110
Convert 15 (base 16) to base 6.
33
Convert 57 (base 9) to base 11.
48
5 (base 9) to base 8
5
-4 (base 10) to base 7
-4
Convert -1 (base 10) to base 5.
-1
Convert -28 (base 11) to base 13.
-24
What is -1 (base 9) in base 5?
-1
What is -1 (base 4) in base 16?
-1
-b (base 16) to base 3
-102
-1 (base 12) to base 8
-1
Convert 8a (base 14) to base 2.
1111010
72 (base 12) to base 6
222
What is -2 (base 11) in base 15?
-2
Convert 4 (base 7) to base 10.
4
Convert -7 (base 14) to base 2.
-111
What is -10 (base 10) in base 16?
-a
What is 0 (base 12) in base 3?
0
Convert 4a (base 11) to base 8.
66
What is 6 (base 16) in base 8?
6
Convert 101 (base 14) to base 11.
16a
-212 (base 3) to base 10
-23
1001 (base 2) to base 4
21
What is 304 (base 5) in base 12?
67
-1 (base 8) to base 14
-1
Convert 1 (base 2) to base 10.
1
10 (base 16) to base 9
17
What is -23 (base 7) in base 14?
-13
Convert -8 (base 14) to base 6.
-12
What is -12 (base 6) in base 13?
-8
32 (base 11) to base 6
55
Convert 10101 (base 4) to base 8.
421
What is -2 (base 6) in base 11?
-2
What is 299 (base 11) in base 6?
1342
4 (base 10) to base 13
4
1 (base 6) to base 12
1
Convert -36 (base 10) to base 15.
-26
What is -42 (base 10) in base 2?
-101010
-6 (base 10) to base 6
-10
Convert 7 (base 13) to base 10.
7
Convert 1 (base 16) to base 13.
1
What is 1 (base 5) in base 9?
1
12 (base 3) to base 4
11
What is -3 (base 6) in base 16?
-3
-4 (base 10) to base 14
-4
-117 (base 8) to base 3
-2221
What is -2 (base 8) in base 13?
-2
Convert 186 (base 9) to base 6.
423
What is 3 (base 7) in base 6?
3
26 (base 15) to base 4
210
What is -5 (base 16) in base 12?
-5
-226 (base 8) to base 6
-410
What is 10100000 (base 2) in base 16?
a0
Convert -221 (base 9) to base 5.
-1211
-2 (base 10) to base 12
-2
What is -30 (base 8) in base 16?
-18
What is -10000 (base 2) in base 11?
-15
What is 22 (base 9) in base 15?
15
What is 2211 (base 5) in base 12?
216
-1 (base 3) to base 11
-1
-122 (base 3) to base 15
-12
Convert 470 (base 8) to base 4.
10320
-8 (base 11) to base 16
-8
What is 34 (base 12) in base 6?
104
2103 (base 4) to base 15
9c
45 (base 6) to base 10
29
129 (base 12) to base 6
453
8 (base 14) to base 16
8
What is 101100 (base 3) in base 6?
1143
What is 5 (base 12) in base 14?
5
1000 (base 2) to base 5
13
Convert -2 (base 5) to base 16.
-2
Convert 9 (base 15) to base 2.
1001
Convert -135 (base 14) to base 8.
-363
Convert -33 (base 10) to base 5.
-113
207 (base 9) to base 15
b4
3 (base 8) to base 15
3
What is -1 (base 15) in base 7?
-1
What is -100011001 (base 2) in base 11?
-236
What is 2 (base 6) in base 16?
2
Convert 2 (base 12) to base 5.
2
1 (base 2) to base 8
1
-2 (base 14) to base 13
-2
What is -5 (base 12) in base 10?
-5
111 (base 2) to base 8
7
Convert 1 (base 10) to base 13.
1
What is 2 (base 12) in base 8?
2
120 (base 4) to base 7
33
What is -101 (base 5) in base 13?
-20
Convert 26 (base 7) to base 14.
16
Convert 2020 (base 4) to base 11.
114
0 (base 7) to base 6
0
Convert -14 (base 14) to base 7.
-24
Convert 42 (base 11) to base 8.
56
Convert -2 (base 15) to base 7.
-2
What is -27 (base 15) in base 10?
-37
Convert -2 (base 3) to base 13.
-2
-ec (base 16) to base 13
-152
49 (base 14) to base 4
1001
-313 (base 4) to base 2
-110111
-5 (base 16) to base 3
-12
What is 14 (base 6) in base 2?
1010
6 (base 8) to base 6
10
What is -287 (base 11) in base 6?
-1321
-2 (base 5) to base 12
-2
What is -121 (base 3) in base 14?
-12
-a7 (base 16) to base 5
-1132
What is -1010001 (base 2) in base 5?
-311
Convert 7 (base 16) to base 11.
7
Convert -38 (base 13) to base 11.
-43
What is -5 (base 10) in base 3?
-12
Convert -1 (base 16) to base 12.
-1
-2 (base 6) to base 12
-2
-75 (base 9) to base 12
-58
What is -10 (base 2) in base 5?
-2
-9 (base 14) to base 8
-11
-1a (base 12) to base 14
-18
-323 (base 4) to base 10
-59
What is 10 (base 2) in base 6?
2
What is 26 (base 13) in base 16?
20
What is -114 (base 5) in base 7?
-46
Convert 19 (base 10) to base 4.
103
Convert 26 (base 9) to base 8.
30
Convert -14 (base 15) to base 11.
-18
Convert 6b (base 15) to base 16.
65
-8a (base 12) to base 4
-1222
1 (base 3) to base 16
1
What is -1b (base 15) in base 16?
-1a
-36 (base 11) to base 3
-1110
What is -144 (base 10) in base 11?
-121
Convert -3 (base 15) to base 10.
-3
302 (base 7) to base 5
1044
-1003 (base 5) to base 15
-88
-15 (base 13) to base 7
-24
Convert -56 (base 16) to base 10.
-86
Convert -8 (base 14) to base 11.
-8
Convert -125 (base 6) to base 4.
-311
What is -112 (base 6) in base 12?
-38
95 (base 11) to base 7
206
-3 (base 4) to base 5
-3
What is 2 (base 13) in base 6?
2
What is 112 (base 3) in base 9?
15
Convert -27 (base 16) to base 9.
-43
What is 10 (base 12) in base 3?
110
Convert -3 (base 4) to base 13.
-3
-a (base 12) to base 2
-1010
What is 20 (base 5) in base 12?
a
Convert -100 (base 5) to base 15.
-1a
16 (base 14) to base 3
202
What is -3 (base 6) in base 12?
-3
What is -3 (base 11) in base 3?
-10
What is 10 (base 5) in base 4?
11
Convert -32 (base 4) to base 9.
-15
What is 86 (base 10) in base 2?
1010110
Convert 1 (base 10) to base 2.
1
Convert -3 (base 9) to base 8.
-3
What is 3 (base 8) in base 10?
3
6 (base 11) to base 4
12
-1 (base 3) to base 16
-1
-1111110 (base 2) to base 13
-99
45 (base 9) to base 3
1112
-1 (base 15) to base 6
-1
-1a (base 15) to base 7
-34
What is 3 (base 14) in base 4?
3
-10001010 (base 2) to base 9
-163
Convert 0 (base 7) to base 10.
0
Convert -b (base 16) to base 2.
-1011
-11 (base 5) to base 3
-20
What is -2 (base 14) in base 3?
-2
-134 (base 7) to base 9
-82
-4 (base 11) to base 5
-4
What is -13 (base 12) in base 14?
-11
34 (base 10) to base 11
31
-61 (base 10) to base 15
-41
What is 111 (base 4) in base 10?
21
What is -1033 (base 4) in base 7?
-142
What is -56 (base 13) in base 14?
-51
Convert -22 (base 6) to base 14.
-10
What is -f7 (base 16) in base 3?
-100011
Convert -6 (base 7) to base 10.
-6
What is 3 (base 16) in base 12?
3
-32 (base 4) to base 6
-22
-17 (base 15) to base 11
-20
Convert -1 (base 8) to base 12.
-1
Convert 5 (base 14) to base 16.
5
What is -1 (base 4) in base 14?
-1
What is -1 (base 12) in base 15?
-1
What is -2e (base 15) in base 6?
-112
What is 4 (base 10) in base 8?
4
1 (base 8) to base 7
1
What is -120 (base 4) in base 2?
-11000
-4 (base 12) to base 4
-10
d (base 15) to base 7
16
Convert -1 (base 5) to base 11.
-1
Convert 6d (base 14) to base 9.
117
Convert -3 (base 4) to base 16.
-3
3 (base 10) to base 4
3
What is -21 (base 10) in base 3?
-210
What is -1 (base 9) in base 10?
-1
What is 10